is the greatest common divisor of 2916 and 18036?
108
Calculate the highest common divisor of 18 and 1086138.
18
Calculate the highest common divisor of 515958 and 678.
678
What is the greatest common factor of 20385 and 1385?
5
Calculate the greatest common factor of 74212 and 4.
4
Calculate the highest common divisor of 30303 and 234.
117
What is the greatest common divisor of 27908 and 1372?
4
Calculate the highest common divisor of 655 and 43885.
655
Calculate the greatest common factor of 43443 and 54.
27
What is the greatest common factor of 16 and 22288?
16
What is the highest common divisor of 95373 and 18?
9
Calculate the greatest common factor of 15424563 and 11.
11
Calculate the highest common factor of 57459 and 2247.
321
What is the highest common divisor of 70 and 4177390?
70
What is the greatest common factor of 359707 and 706?
353
What is the highest common divisor of 23400 and 5304?
312
Calculate the greatest common divisor of 9925 and 26275.
25
Calculate the highest common factor of 127 and 284734.
127
What is the highest common factor of 8576 and 6566?
134
What is the greatest common divisor of 4236 and 1020?
12
Calculate the greatest common divisor of 8229 and 91.
13
What is the greatest common factor of 141 and 59361?
141
Calculate the greatest common factor of 179994 and 72822.
1374
Calculate the greatest common divisor of 9576 and 171864.
504
Calculate the highest common divisor of 103508 and 13740.
916
Calculate the greatest common divisor of 792460 and 20.
20
What is the greatest common divisor of 839754 and 486?
54
What is the highest common divisor of 52268 and 59428?
716
What is the highest common divisor of 44 and 321189?
11
What is the greatest common factor of 14 and 95312?
14
Calculate the greatest common divisor of 210 and 2112558.
42
Calculate the highest common divisor of 2310 and 152790.
330
Calculate the greatest common factor of 136 and 2958.
34
Calculate the greatest common factor of 76443 and 249.
249
Calculate the greatest common divisor of 18 and 51426.
18
Calculate the greatest common divisor of 140 and 21130.
10
Calculate the highest common factor of 2375 and 24472.
19
What is the highest common divisor of 8344 and 98?
14
What is the greatest common factor of 168 and 60438?
42
Calculate the highest common divisor of 113589 and 189.
189
Calculate the greatest common factor of 19 and 174971.
19
What is the highest common factor of 1672 and 2530?
22
What is the greatest common factor of 10 and 97210?
10
What is the greatest common divisor of 966 and 8050?
322
What is the greatest common factor of 1251 and 423?
9
What is the highest common divisor of 7 and 140560?
7
Calculate the greatest common factor of 7364 and 1348.
4
Calculate the highest common factor of 1216562 and 9752.
2438
What is the highest common divisor of 13185 and 171?
9
Calculate the highest common divisor of 1710 and 68745.
15
What is the highest common factor of 58430 and 20?
10
Calculate the highest common factor of 190467 and 216.
9
Calculate the highest common divisor of 1688169 and 1197.
399
What is the greatest common divisor of 145 and 17951?
29
What is the greatest common divisor of 3754941 and 1308?
327
Calculate the highest common factor of 62578 and 268.
134
Calculate the greatest common factor of 192885 and 8085.
1155
Calculate the greatest common divisor of 131873 and 140.
7
Calculate the greatest common factor of 4217430 and 35.
35
Calculate the greatest common divisor of 30 and 14088.
6
What is the greatest common factor of 43632 and 27?
27
Calculate the greatest common factor of 195633 and 9.
9
What is the highest common factor of 70038 and 24?
6
What is the highest common factor of 548 and 3476?
4
What is the highest common divisor of 605058 and 3069?
93
Calculate the highest common divisor of 269291 and 253.
11
What is the greatest common divisor of 2160 and 6320?
80
Calculate the highest common divisor of 27117 and 3726.
207
What is the highest common divisor of 12974 and 234?
26
Calculate the highest common factor of 49423 and 99.
11
Calculate the highest common divisor of 10944 and 720.
144
What is the highest common factor of 362475 and 175?
25
What is the highest common divisor of 30 and 16310?
10
Calculate the highest common factor of 29165 and 15.
5
Calculate the greatest common factor of 168174 and 162.
18
Calculate the highest common factor of 395 and 10396795.
395
What is the greatest common factor of 34 and 363647?
17
Calculate the greatest common factor of 1214 and 128077.
607
Calculate the greatest common factor of 1182 and 378831.
591
What is the highest common divisor of 273 and 360087?
273
What is the greatest common factor of 4508 and 107212?
196
What is the greatest common divisor of 736 and 128?
32
What is the highest common factor of 732990 and 17490?
1590
Calculate the highest common factor of 431 and 136627.
431
What is the highest common divisor of 304215 and 2550?
255
What is the greatest common factor of 12738 and 36670?
386
Calculate the greatest common divisor of 3780 and 71865.
45
Calculate the highest common factor of 9947 and 2233.
203
What is the highest common divisor of 9658 and 22?
22
Calculate the highest common divisor of 67485 and 3520.
55
What is the highest common factor of 721846 and 410?
82
What is the highest common divisor of 893 and 30644?
47
Calculate the highest common divisor of 177824 and 368.
16
What is the greatest common factor of 1535384 and 3934?
562
What is the highest common divisor of 1863 and 141?
3
What is the greatest common factor of 8466 and 5508?
102
Calculate the highest common factor of 87794 and 21.
7
What is the greatest common divisor of 624568 and 140?
28
What is the greatest common divisor of 12892 and 17873?
293
Calculate the highest common factor of 2266 and 659818.
206
What is the greatest common factor of 305 and 60?
5
Calculate the greatest common divisor of 53504 and 11286.
418
Calculate the greatest common divisor of 10240 and 160.
160
Calculate the highest common divisor of 445 and 309542.
89
Calculate the highest common factor of 14 and 17878.
14
What is the greatest common factor of 431724 and 24?
12
What is the greatest common factor of 3857 and 1995?
133
What is the greatest common divisor of 790 and 116999?
79
Calculate the highest common factor of 19903 and 26.
13
What is the highest common factor of 51160 and 80?
40
Calculate the highest common divisor of 663651 and 133.
19
Calculate the highest common factor of 4594905 and 5.
5
Calculate the highest common divisor of 1756710 and 2980.
1490
Calculate the highest common factor of 432 and 98.
2
What is the greatest common divisor of 157610 and 730?
10
Calculate the greatest common divisor of 32289 and 1551.
141
Calculate the highest common factor of 644 and 1402954.
322
What is the highest common divisor of 14620 and 1250?
10
What is the greatest common divisor of 23 and 341711?
23
Calculate the greatest common factor of 2326434 and 22.
22
What is the highest common divisor of 24472 and 88?
8
Calculate the greatest common divisor of 510 and 12954.
102
Calculate the highest common factor of 1372 and 361522.
686
What is the greatest common divisor of 53410 and 98?
98
Calculate the greatest common factor of 6942 and 286.
26
What is the greatest common divisor of 72268 and 448?
28
Calculate the highest common factor of 372 and 115692.
372
Calculate the greatest common factor of 1104 and 14421.
69
What is the greatest common divisor of 15750 and 3710?
70
Calculate the highest common factor of 386220 and 180.
60
Calculate the greatest common factor of 52105 and 85.
85
Calculate the highest common divisor of 50778 and 126.
126
What is the highest common divisor of 431327 and 26?
13
Calculate the greatest common factor of 108 and 205416.
108
What is the highest common factor of 2568 and 6672?
24
What is the highest common divisor of 493971 and 69?
69
What is the highest common divisor of 15840 and 2100?
60
Calculate the highest common factor of 45211 and 58.
29
What is the highest common divisor of 49381 and 414?
23
What is the greatest common factor of 40374 and 24?
6
Calculate the highest common divisor of 308 and 18942.
154
What is the highest common factor of 488 and 7568?
8
Calculate th